 (-41 + 4 + (1 - 13))?
49
Calculate 21 + -1 + -101 + 76 + 77 + 16.
88
Evaluate 41 + -5 + -16 + 14 + -1 + 10 + 0.
43
What is the value of (-49 - -17) + -22 + 91?
37
What is (3 + -5 - 4) + 12 - -68 - (75 - 90)?
89
Calculate 7 - 12 - -9 - -2 - (2 + 5 - 1).
0
Calculate 0 + 19 + (51 - 83) + 141 + -43.
85
Calculate 24 + -12 + 7 + (1 + -5 - 6).
9
(0 + -1 + -4 - (462 - 477)) + (49 - 24)
35
Calculate (1 - (3 - 2)) + (-6 - 0) + 79 + -69.
4
What is (-29 + 2 - -51) + -160 + 17?
-119
Evaluate (-72 - -70) + (103 - 8 - -6).
99
Evaluate -7 + -54 + (11 - (-1 + 1)) + 3 + -8.
-55
What is -10 + -18 + 13 + 4 + 45?
34
Calculate -37 + (0 + -11 - (-355 - -323)).
-16
What is 8 + -52 + (-18 - (14 + -17)) - (-2 - 1)?
-56
What is the value of -32 - (-1 + -3 + -9 - (-89 + 78))?
-30
What is the value of (2 - (2 + -1)) + -58 + -56 + 93?
-20
What is the value of -16 + -1 + -2525 + 2554?
12
Evaluate (-2 - -4) + -5 + -21 + 5 + 5 + 13.
-1
What is -28 - (26 - 0 - (824 - 802))?
-32
What is the value of -11 - -1 - -69 - (-113 + 120)?
52
Calculate -5 - -13 - -6 - -19.
33
-40 - -36 - -69 - 116
-51
What is the value of ((-4 - 8) + -3 + 9 - -132) + -54 + 45?
117
Evaluate -3 + (3 + 6 - 40) - (5 - (7 - 4)).
-36
-5 - (55 - (4 + -3)) - (203 + -198)
-64
What is -11 - (-18 - 2) - -11 - -43?
63
What is 35 + (-33 - 8) + -30 + (-4 - 1)?
-41
2 + 8 + 17 + -15 + (-1 + -1 - 0)
10
24 - (10 + 18 + 3 + -25)
18
Calculate 5 - (-40 - (15 - 62)).
-2
Calculate 8 + (11 - (-118 + (9 - 10 - -16))).
122
Evaluate -249 + 232 - (-1 + -23) - (1 - -67).
-61
What is -5 - 9 - (22 + (11 - 31)) - -7?
-9
What is -2 + -12 + (76 - 76) - (-5 + -3)?
-6
What is 27 + -39 - (28 + 0)?
-40
What is the value of 0 + -1 - -83 - (-17209 + 17235)?
56
Calculate -23 + 1 + 2 - (-611 - -564).
27
162 + (-52 - 61) + 23
72
(0 - 8) + (-4 - 2 - (41 - (-39 + 11)))
-83
Evaluate 2 + -1 + -13 + (-43 - (-72 + 42)).
-25
What is the value of 10 - (17 - (29 - (-24 + 3)))?
43
Calculate 21 + -39 + -48 + 107.
41
9 + (35 - 53) + -32
-41
What is 11 + (120 - 252) + 10?
-111
What is the value of (-1 + 3 + -46 - (-37 - -37)) + -1?
-45
What is 131 + -139 + (14 - 8)?
-2
What is the value of 1 + -6 + (181 - 109 - 41)?
26
What is the value of 24 + -13 + (8 - 2) + 9?
26
Evaluate -1 + 8 + 49 + -5 + -57.
-6
(50 - -8) + (165 - 169)
54
What is the value of (-23 - -9 - ((-2 - 5) + 84)) + 5 + 1?
-85
What is the value of (62 + -18 - 8) + 48?
84
Evaluate (-1 - (21 + (-78 - -19))) + 69.
106
What is -25 + (-67 - -45) + (9 - (-3 + 31))?
-66
What is (12 - 56 - -44) + 10?
10
What is -25 + 36 + 49 + 8 + -9 + -6?
53
Evaluate 54 + -1 + (-42 + (37 - 6) + -5 - -25).
62
Evaluate 11 + -1 + (488 - 502) - (33 - -2).
-39
What is the value of 4 - (7 + -14 + 26 - 19)?
4
Evaluate -57 + 31 + (50 - 69).
-45
What is the value of -2 + 24 + (16 - 41 - -16) + -31?
-18
What is the value of -21 - (-37 - (22 + -65))?
-27
What is -53 - ((8 - 17) + 15 - -3 - 9)?
-53
What is 15 + -4 + (14 + -6 - 21)?
-2
What is -2 - (-14 + 7 - -129) - (-63 - -50)?
-111
What is the value of 30 + -15 + 0 + -4 - -43?
54
Calculate 1 - (-8 - ((89 - 1) + (97 - 115))).
79
Evaluate -9148 - -9161 - (-75 - (2 - 3)).
87
-3 - -43 - (-23 + (27 - 8) + -2)
46
What is the value of -191 - -221 - (190 - (17 - 1))?
-144
Evaluate (69 - (5 + 5)) + (30 - 22 - (2 + 3)).
62
What is (1 - 13) + (-3 - (-5 + -18)) + -708 + 715?
15
What is -32 + -28 + (34 - 1)?
-27
(-51 - (-2 - 5)) + (5 - (0 + -5)) + 6
-28
Evaluate -60 - 20 - ((-6 - -13) + 9 + -8).
-88
What is 15 + 54 + -29 + 21 + -8?
53
Calculate 3 - (78 - (-26 + 74)).
-27
What is the value of -9 + -2 + 13 - 15 - (14 + 2 + -126)?
97
What is the value of -49 + 11 + -5 + (-15 - -41)?
-17
-2 - (-14 + 25 + 3) - -43
27
What is the value of 40 - ((729 - 578) + 2 + -8)?
-105
What is the value of 116 - 2 - (2440 + -2351)?
25
Evaluate (-169 - (-201 - -99)) + 114.
47
Evaluate 0 + -10 + (33 - (51 - 20 - 50)).
42
32 - ((15 - 35) + 28)
24
What is -15 + (1 - ((20 - -121) + (-12 - -9 - 7)))?
-145
What is (-1 - -4) + 1 + -1 + -90 + -107 + 192?
-2
What is the value of (11 - 67 - -158) + 2 + -4 + -6?
94
What is the value of (-22 - -20) + 39 + 26?
63
Evaluate (-1 - (1 - (6 + -27))) + (-38 - -28).
-33
Calculate 0 + 4 + (-530 - -529).
3
What is 9 + -40 - -11 - (61 + -83)?
2
Evaluate 45 + 3 - (1061 - 999) - (1 - 87).
72
What is the value of -37 + (-88 - -37 - -60)?
-28
Calculate -38 - (-4 + -2 - (-11 - -41 - 43)).
-45
Calculate -6 + 2 + 1 + -811 + 851.
37
What is 89 + (-15 - (8 - -95))?
-29
(-397 - -455) + -4 + -80
-26
What is -278 - -270 - (0 + -7) - 7?
-8
Calculate (-3 - (22 - 32) - 12) + 0 + -15.
-20
What is the value of -96 - (-57 + -47 + 72)?
-64
What is the value of (56 - 1) + -70 - 8?
-23
What is ((-10 - -19) + -11 - 1) + (0 - (-6 + -2))?
5
Evaluate -4 - -7 - (94 + -73) - (-12 - (0 + -1)).
-7
Calculate 3 + -22 + 12 + (7 + -3 - -2) - 38.
-39
Calculate 4 - 12 - (12 + -47 + 19).
8
Evaluate 31 - (178 + (18 - 91)).
-74
Calculate (92 - (4 + 13 + -2)) + -21.
56
What is the value of 47 + -2 + 9 + 0 + (-1132 - -1116)?
38
Evaluate (62 + -73 - (-2 - 3)) + -7.
-13
0 + -6 - (23 + -15 + -22 + 46 + 28)
-66
207 + -239 - (5 + -3)
-34
What is (-34 - -79 - 65) + 57?
37
What is (-312 - -313) + (9 - -2) + (9 - 1)?
20
What is the value of -2 + 9 + 98 + (-44 - 16)?
45
What is the value of -36 + (29 - (-29 + 46)) - -25?
1
What is 0 + 19 + (6 - 1) - (37 + (-33 - 1))?
21
145 - (31 + 16) - (5 + -14 - 1)
108
What is the value of 38 - (-12 - (-23 - -16)) - 56?
-13
What is the value of (6 - 129 - -34 - (-4 + 7)) + -17?
-109
-60 + 103 + (-23 - -13)
33
Calculate -19 + -6 + 154 - (20 - 11) - 1.
119
Evaluate (81 - (12 - -60)) + 36 + 0.
45
What is (2 - 0) + -2 + -6 - (17 + (-14 - 17))?
8
What is the value of (-23 - -8 - (-3 - 3)) + 11 - (24 + 6)?
-28
Evaluate -17 - (727 + -719 + (1 - 128)).
102
What is -1 - -57 - (-33 + 62 + 25 + -46)?
48
Evaluate (-15 - (-35 - (-20 + 21))) + 10.
31
0 + -69 - (-3588 - -3628)
-109
Evaluate (-42 - -4) + -3 + 11 - (-29 - -28).
-29
What is 1329 - 1308 - (5 + -94)?
110
What is 8 + 0 - (26 - 57) - 4?
35
Calculate (-2 - (1 + -17)) + (1303 - 1291).
26
What is the value of -7 + (1 + 61 - (54 + -54 - (2 - 5)))?
52
Evaluate 13 + -1 - (8604 - 8682).
90
Calculate 24 - 5 - (15 - -13 - 85).
76
What is -195 - -178 - (-9 + 7 + (20 - -9))?
-44
89 + (44 - 20 - 63) + 13
63
Calculate (-16 - -55 - 29 - 33) + (-1 - -8).
-16
51 - (50 + 33 - 36)
4
What is the value of (1 - (12 + -19)) + -21 - (4 - -50)?
-67
Evaluate (66 - -16 - 107) + (-1 - 3).
-29
What is (-30 - (51 + -176)) + -52?
43
Evaluate (-9 - 52) + 492 + -524.
-93
What is 17 + -83 - (-395 + 342)?
-13
What is the value of (-18 - (-30 - 2)) + (-13 - (12 + -12)) + 9?
10
22 - 114 - -65 - -73
46
What is 42 - (-13 + (-9 - (10 + -8 + -25)))?
41
Calculate -3 - 1 - (22 + -16 + -25 + 25 + -14).
4
What is (22 + -3 - (-22 - -31)) + -6 + 37?
41
What is 16 + -28 + 2 + (0 - 5) + -29?
-44
Evaluate -59 - (5 + 4 + 58).
-126
What is the value of (28 - 2) + -59 + (-61 - -106)?
12
(24 - (24 + -2)) + -35
-33
Calculate 41 - ((9 - 24) + 42).
14
-12 + (8 - 14) + 31 + (-3 - (2 + 3))
5
Calculate (27 - (-24 - -46)) + -2 + -37 - (-8 + -1).
-25
What is the value of (35 - 30 - -53) + (-11 - 4)?
43
37 - (-88 - (52 - 54))
123
Evaluate 279 - 222 - (5 - -7).
45
Calculate -34 + 72 + 208 + -223.
23
Calculate (90 - 14) + -132 - (13 - (0 + 0)).
-69
What is -3 - -80 - ((-4 + 16 - -12) + -29 - -16)?
66
What is the value of -243 + 262 - (-2 - 57) - 23?
55
(86 + -2 - (1215 - 1210)) + (-2 - 10)
67
Calculate 154 + -138 + 37 + -14.
39
10 + -19 - (-4 + (-13 - (7 - 6)))
9
What is (-2062 - -2145) + -1 + -1 + -16?
65
Calculate 598 - 588 - (-44 - (6 - 3)).
57
What is 11 + (-6 - 20) - 2 - (-2 + -108)?
93
-30 + 47 + 6 + 46
69
8 + (-29 - -37 - ((-6 - (-15 - -7)) + 13))
1
Evaluate -5 - (2 - -3) - (-36 + 15 + -4) - 0.
15
What is -99 - (-131 + (32 - 19))?
19
Calculate (27 - (-28 + -16 + 34) - 15) + -3.
19
-7 - 2 - (4 - 9) - (3 - -2 - 55)
46
2 + -5 + 15 - (490 + -495)
17
What is the value of (42 + 35 - 53) + 48?
72
What is -28 + (35 - (45 - 23))?
-15
Calculate 25 + -2 - (-2877 - -2931).
-31
Calculate -25 + (7 - (20 + -42 - -35)).
-31
What is -12 - (-65 - (8 + -62))?
-1
Evaluate -66 - ((9 - 3) + (-13 - (-12 - -18))).
-53
Calculate (0 - (1 + -3)) + (-122 - (-316 - -223)).
-27
What is the value of (1 + -78 - -16) + 73?
12
Calculat